{"id":270,"date":"2025-04-30T10:36:18","date_gmt":"2025-04-30T08:36:18","guid":{"rendered":"https:\/\/emcu.fr\/?page_id=270"},"modified":"2025-04-30T11:02:01","modified_gmt":"2025-04-30T09:02:01","slug":"concert-au-diapason-de-st-marcellin","status":"publish","type":"page","link":"https:\/\/emcu.fr\/index.php\/concours-de-composition\/concert-au-diapason-de-st-marcellin\/","title":{"rendered":"La Grande Finale"},"content":{"rendered":"\n<p>Pour la grande finale de son 1er concours international de composition pour grand ensemble de cuivres et percussions, l&rsquo;ensemble E=mCu se produira en concert le 24 mai 2025 \u00e0 19h au Diapason de St Marcellin.<\/p>\n\n\n\n<p>1\u00e8re partie : Concert des \u00e9l\u00e8ves des \u00e9coles de musique, musiciens amateurs et \u00e9l\u00e8ves de l\u2019\u00e9cole de Cognin-les-Gorges 2\u00e8me partie: Finale du concours international de composition avec le prix du public<\/p>\n\n\n\n<p>Entr\u00e9e libre sur r\u00e9servation.<\/p>\n\n\n\n<p><a href=\"https:\/\/www.helloasso.com\/associations\/grand-ensemble-de-cuivres-et-percussions-e-mcu\/evenements\/grande-finale-du-concours-international-de-composition-pour-ensemble-de-cuivres\" target=\"_blank\" rel=\"noreferrer noopener\">La billeterie est ouverte et accessible ici<\/a><\/p>\n\n\n<div class=\"wp-block-image\">\n<figure class=\"aligncenter size-large\"><img loading=\"lazy\" decoding=\"async\" width=\"724\" height=\"1024\" src=\"https:\/\/emcu.fr\/wp-content\/uploads\/2025\/04\/affiche_concert_24-05-2025-724x1024.jpg\" alt=\"La Grande Finale !\" class=\"wp-image-279\" srcset=\"https:\/\/emcu.fr\/wp-content\/uploads\/2025\/04\/affiche_concert_24-05-2025-724x1024.jpg 724w, https:\/\/emcu.fr\/wp-content\/uploads\/2025\/04\/affiche_concert_24-05-2025-212x300.jpg 212w, https:\/\/emcu.fr\/wp-content\/uploads\/2025\/04\/affiche_concert_24-05-2025-768x1086.jpg 768w, https:\/\/emcu.fr\/wp-content\/uploads\/2025\/04\/affiche_concert_24-05-2025-1086x1536.jpg 1086w, https:\/\/emcu.fr\/wp-content\/uploads\/2025\/04\/affiche_concert_24-05-2025.jpg 1448w\" sizes=\"auto, (max-width: 724px) 100vw, 724px\" \/><\/figure>\n<\/div>","protected":false},"excerpt":{"rendered":"<p>Pour la grande finale de son 1er concours international de composition pour grand ensemble de cuivres et percussions, l&rsquo;ensemble E=mCu se produira en concert le 24 mai 2025 \u00e0 19h au Diapason de St Marcellin. 1\u00e8re partie : Concert des \u00e9l\u00e8ves des \u00e9coles de musique, musiciens amateurs et \u00e9l\u00e8ves de l\u2019\u00e9cole de Cognin-les-Gorges 2\u00e8me partie: Finale du concours international de composition avec le prix du public Entr\u00e9e libre sur r\u00e9servation. La billeterie est ouverte et accessible ici<\/p>\n","protected":false},"author":1,"featured_media":279,"parent":112,"menu_order":0,"comment_status":"closed","ping_status":"closed","template":"","meta":{"footnotes":""},"class_list":["post-270","page","type-page","status-publish","has-post-thumbnail","hentry"],"_links":{"self":[{"href":"https:\/\/emcu.fr\/index.php\/wp-json\/wp\/v2\/pages\/270","targetHints":{"allow":["GET"]}}],"collection":[{"href":"https:\/\/emcu.fr\/index.php\/wp-json\/wp\/v2\/pages"}],"about":[{"href":"https:\/\/emcu.fr\/index.php\/wp-json\/wp\/v2\/types\/page"}],"author":[{"embeddable":true,"href":"https:\/\/emcu.fr\/index.php\/wp-json\/wp\/v2\/users\/1"}],"replies":[{"embeddable":true,"href":"https:\/\/emcu.fr\/index.php\/wp-json\/wp\/v2\/comments?post=270"}],"version-history":[{"count":5,"href":"https:\/\/emcu.fr\/index.php\/wp-json\/wp\/v2\/pages\/270\/revisions"}],"predecessor-version":[{"id":282,"href":"https:\/\/emcu.fr\/index.php\/wp-json\/wp\/v2\/pages\/270\/revisions\/282"}],"up":[{"embeddable":true,"href":"https:\/\/emcu.fr\/index.php\/wp-json\/wp\/v2\/pages\/112"}],"wp:featuredmedia":[{"embeddable":true,"href":"https:\/\/emcu.fr\/index.php\/wp-json\/wp\/v2\/media\/279"}],"wp:attachment":[{"href":"https:\/\/emcu.fr\/index.php\/wp-json\/wp\/v2\/media?parent=270"}],"curies":[{"name":"wp","href":"https:\/\/api.w.org\/{rel}","templated":true}]}}

<p>Pour la grande finale de son 1er concours international de composition pour grand ensemble de cuivres et percussions, l&rsquo;ensemble E=mCu se produira en concert le 24 mai 2025 à 19h au Diapason de St Marcellin.</p>



<p>1ère partie : Concert des élèves des écoles de musique, musiciens amateurs et élèves de l’école de Cognin-les-Gorges 2ème partie: Finale du concours international de composition avec le prix du public</p>



<p>Entrée libre sur réservation.</p>



<p><a href="https://www.helloasso.com/associations/grand-ensemble-de-cuivres-et-percussions-e-mcu/evenements/grande-finale-du-concours-international-de-composition-pour-ensemble-de-cuivres" target="_blank" rel="noreferrer noopener">La billeterie est ouverte et accessible ici</a></p>


<div class="wp-block-image">
<figure class="aligncenter size-large"><img loading="lazy" decoding="async" width="724" height="1024" src="https://emcu.fr/wp-content/uploads/2025/04/affiche_concert_24-05-2025-724x1024.jpg" alt="La Grande Finale !" class="wp-image-279" srcset="https://emcu.fr/wp-content/uploads/2025/04/affiche_concert_24-05-2025-724x1024.jpg 724w, https://emcu.fr/wp-content/uploads/2025/04/affiche_concert_24-05-2025-212x300.jpg 212w, https://emcu.fr/wp-content/uploads/2025/04/affiche_concert_24-05-2025-768x1086.jpg 768w, https://emcu.fr/wp-content/uploads/2025/04/affiche_concert_24-05-2025-1086x1536.jpg 1086w, https://emcu.fr/wp-content/uploads/2025/04/affiche_concert_24-05-2025.jpg 1448w" sizes="auto, (max-width: 724px) 100vw, 724px" /></figure>
</div>

<p>Pour la grande finale de son 1er concours international de composition pour grand ensemble de cuivres et percussions, l&rsquo;ensemble E=mCu se produira en concert le 24 mai 2025 à 19h au Diapason de St Marcellin. 1ère partie : Concert des élèves des écoles de musique, musiciens amateurs et élèves de l’école de Cognin-les-Gorges 2ème partie: Finale du concours international de composition avec le prix du public Entrée libre sur réservation. La billeterie est ouverte et accessible ici</p>
