{"id":57,"date":"2024-06-05T17:00:04","date_gmt":"2024-06-05T15:00:04","guid":{"rendered":"https:\/\/emcu.fr\/?page_id=57"},"modified":"2024-11-30T14:03:11","modified_gmt":"2024-11-30T13:03:11","slug":"les-apparitions-demcu-depuis-2021","status":"publish","type":"page","link":"https:\/\/emcu.fr\/index.php\/les-apparitions-demcu-depuis-2021\/","title":{"rendered":"Agenda"},"content":{"rendered":"\n<h2 class=\"wp-block-heading\">Saison en cours<\/h2>\n\n\n\n<ul class=\"wp-block-list\">\n<li>Concert de gala, invit\u00e9 par le quintette de cuivres Magyc, Auditorium de l\u2019Odyss\u00e9e, Eybens, 22 mars 2025<\/li>\n\n\n\n<li>Finale du concours de composition, le Diapason, Saint-Marcellin, 24 mai 2025<\/li>\n<\/ul>\n\n\n\n<h2 class=\"wp-block-heading\">A venir :<\/h2>\n\n\n\n<ul class=\"wp-block-list\">\n<li><\/li>\n<\/ul>\n\n\n\n<h2 class=\"wp-block-heading\">Historique<\/h2>\n\n\n\n<h3 class=\"wp-block-heading\">Saison 2021<\/h3>\n\n\n\n<ul class=\"wp-block-list\">\n<li>Concert du d\u00e9confinement en ext\u00e9rieur, Place Saint-Andr\u00e9, Grenoble, 16 octobre2021<\/li>\n<\/ul>\n\n\n\n<h3 class=\"wp-block-heading\">Saison 2022<\/h3>\n\n\n\n<ul class=\"wp-block-list\">\n<li>Concert partag\u00e9 avec l\u2019Harmonie d\u2019Eybens-Poisat, Salle Olivier Messiaen, Grenoble,12 mars 2022<\/li>\n\n\n\n<li>Concert lors de la journ\u00e9e cuivre, invit\u00e9 par le Centre Musical Accords de VillardBonnot, 27 Mars 2022<\/li>\n\n\n\n<li>Concert de gala, invit\u00e9 par l\u2019harmonie municipale l\u2019Echo des Ardoisiers, Saint Julien-Montdenis, 7 mai 2022<\/li>\n\n\n\n<li>Concert en ext\u00e9rieur, invit\u00e9 par l\u2019Ensemble Musical Crollois, Crolles, 3 juillet 2022<\/li>\n\n\n\n<li>Concert en ext\u00e9rieur, invit\u00e9 par l\u2019office de tourisme de Saint Gervais les Bains, le 10ao\u00fbt 2022<\/li>\n<\/ul>\n\n\n\n<h3 class=\"wp-block-heading\">Saison 2023<\/h3>\n\n\n\n<ul class=\"wp-block-list\">\n<li>Concert scolaire, invit\u00e9 par le CRC Eric Satie de Saint Martin d\u2019H\u00e8res, 27 mars 2023<\/li>\n\n\n\n<li>Concert de fin de la semaine des cuivres, invit\u00e9 par l\u2019\u00e9cole de musique de Moirans,1er avril 2023<\/li>\n\n\n\n<li>Concert de fin de saison en ext\u00e9rieur, Place d\u2019Agi\u00e9, Grenoble, 16 octobre 2023<\/li>\n\n\n\n<li>Concert sous la halle de la C\u00f4te Saint Andr\u00e9, invit\u00e9 dans le cadre du OFF des fanfares du festival Berlioz, 23 ao\u00fbt 2023<\/li>\n\n\n\n<li>Concert partag\u00e9 avec l\u2019Harmonie du Centre Musical Accords, Salle Olivier Messiaen,Grenoble, 14 octobre 2023<\/li>\n\n\n\n<li>Concert de gala, invit\u00e9 par l\u2019\u00e9cho des remparts, Thodure, 2 d\u00e9cembre 2023<\/li>\n<\/ul>\n\n\n\n<h3 class=\"wp-block-heading\">Saison 2024<\/h3>\n\n\n\n<ul class=\"wp-block-list\">\n<li>Concert invit\u00e9 par l\u2019harmonie Muroise, La Mure, 25 mai 2024<\/li>\n\n\n\n<li>Concert de fin de saison, invit\u00e9 par la commune de La Terrasse, 4 juillet 2024<\/li>\n<\/ul>\n","protected":false},"excerpt":{"rendered":"<p>Saison en cours A venir : Historique Saison 2021 Saison 2022 Saison 2023 Saison 2024<\/p>\n","protected":false},"author":1,"featured_media":0,"parent":0,"menu_order":0,"comment_status":"closed","ping_status":"closed","template":"","meta":{"footnotes":""},"class_list":["post-57","page","type-page","status-publish","hentry"],"_links":{"self":[{"href":"https:\/\/emcu.fr\/index.php\/wp-json\/wp\/v2\/pages\/57","targetHints":{"allow":["GET"]}}],"collection":[{"href":"https:\/\/emcu.fr\/index.php\/wp-json\/wp\/v2\/pages"}],"about":[{"href":"https:\/\/emcu.fr\/index.php\/wp-json\/wp\/v2\/types\/page"}],"author":[{"embeddable":true,"href":"https:\/\/emcu.fr\/index.php\/wp-json\/wp\/v2\/users\/1"}],"replies":[{"embeddable":true,"href":"https:\/\/emcu.fr\/index.php\/wp-json\/wp\/v2\/comments?post=57"}],"version-history":[{"count":3,"href":"https:\/\/emcu.fr\/index.php\/wp-json\/wp\/v2\/pages\/57\/revisions"}],"predecessor-version":[{"id":244,"href":"https:\/\/emcu.fr\/index.php\/wp-json\/wp\/v2\/pages\/57\/revisions\/244"}],"wp:attachment":[{"href":"https:\/\/emcu.fr\/index.php\/wp-json\/wp\/v2\/media?parent=57"}],"curies":[{"name":"wp","href":"https:\/\/api.w.org\/{rel}","templated":true}]}}

<h2 class="wp-block-heading">Saison en cours</h2>



<ul class="wp-block-list">
<li>Concert de gala, invité par le quintette de cuivres Magyc, Auditorium de l’Odyssée, Eybens, 22 mars 2025</li>



<li>Finale du concours de composition, le Diapason, Saint-Marcellin, 24 mai 2025</li>
</ul>



<h2 class="wp-block-heading">A venir :</h2>



<ul class="wp-block-list">
<li></li>
</ul>



<h2 class="wp-block-heading">Historique</h2>



<h3 class="wp-block-heading">Saison 2021</h3>



<ul class="wp-block-list">
<li>Concert du déconfinement en extérieur, Place Saint-André, Grenoble, 16 octobre2021</li>
</ul>



<h3 class="wp-block-heading">Saison 2022</h3>



<ul class="wp-block-list">
<li>Concert partagé avec l’Harmonie d’Eybens-Poisat, Salle Olivier Messiaen, Grenoble,12 mars 2022</li>



<li>Concert lors de la journée cuivre, invité par le Centre Musical Accords de VillardBonnot, 27 Mars 2022</li>



<li>Concert de gala, invité par l’harmonie municipale l’Echo des Ardoisiers, Saint Julien-Montdenis, 7 mai 2022</li>



<li>Concert en extérieur, invité par l’Ensemble Musical Crollois, Crolles, 3 juillet 2022</li>



<li>Concert en extérieur, invité par l’office de tourisme de Saint Gervais les Bains, le 10août 2022</li>
</ul>



<h3 class="wp-block-heading">Saison 2023</h3>



<ul class="wp-block-list">
<li>Concert scolaire, invité par le CRC Eric Satie de Saint Martin d’Hères, 27 mars 2023</li>



<li>Concert de fin de la semaine des cuivres, invité par l’école de musique de Moirans,1er avril 2023</li>



<li>Concert de fin de saison en extérieur, Place d’Agié, Grenoble, 16 octobre 2023</li>



<li>Concert sous la halle de la Côte Saint André, invité dans le cadre du OFF des fanfares du festival Berlioz, 23 août 2023</li>



<li>Concert partagé avec l’Harmonie du Centre Musical Accords, Salle Olivier Messiaen,Grenoble, 14 octobre 2023</li>



<li>Concert de gala, invité par l’écho des remparts, Thodure, 2 décembre 2023</li>
</ul>



<h3 class="wp-block-heading">Saison 2024</h3>



<ul class="wp-block-list">
<li>Concert invité par l’harmonie Muroise, La Mure, 25 mai 2024</li>



<li>Concert de fin de saison, invité par la commune de La Terrasse, 4 juillet 2024</li>
</ul>
